{"id":154,"date":"2024-10-24T09:03:28","date_gmt":"2024-10-24T09:03:28","guid":{"rendered":"https:\/\/pcbbe2025wp.ibib.waw.pl\/?page_id=154"},"modified":"2025-06-14T14:21:19","modified_gmt":"2025-06-14T14:21:19","slug":"event-location","status":"publish","type":"page","link":"https:\/\/nbc2025.ibib.waw.pl\/index.php\/event-location\/","title":{"rendered":"Event Location"},"content":{"rendered":"\n<p><\/p>\n\n\n\n<p>The Conference will be held at the premises of <strong>the Nalecz Institute of Biocybernetics and Biomedical Engineering and International Centre of Biocybernetics, Polish Academy of Sciences, ul. Ksi\u0119cia Trojdena 4, Warsaw, Poland<\/strong>.<\/p>\n\n\n\n<p><\/p>\n\n\n\n<p><br><\/p>\n\n\n\n<figure class=\"wp-block-gallery has-nested-images columns-default is-cropped wp-block-gallery-1 is-layout-flex wp-block-gallery-is-layout-flex\">\n<figure class=\"wp-block-image size-large\"><img loading=\"lazy\" decoding=\"async\" width=\"727\" height=\"485\" data-id=\"1647\" src=\"https:\/\/nbc2025.ibib.waw.pl\/wp-content\/uploads\/2025\/06\/image-6.png\" alt=\"The photo of the Nalecz Institute of Biocybernetics and Biomedical Engineering\" class=\"wp-image-1647\" srcset=\"https:\/\/nbc2025.ibib.waw.pl\/wp-content\/uploads\/2025\/06\/image-6.png 727w, https:\/\/nbc2025.ibib.waw.pl\/wp-content\/uploads\/2025\/06\/image-6-300x200.png 300w\" sizes=\"auto, (max-width: 727px) 100vw, 727px\" \/><\/figure>\n\n\n\n<figure class=\"wp-block-image size-large\"><img loading=\"lazy\" decoding=\"async\" width=\"722\" height=\"485\" data-id=\"1648\" src=\"https:\/\/nbc2025.ibib.waw.pl\/wp-content\/uploads\/2025\/06\/image-7.png\" alt=\"The photo of the Lecture Hall A (the Aula) of the IBIB PAN\" class=\"wp-image-1648\" srcset=\"https:\/\/nbc2025.ibib.waw.pl\/wp-content\/uploads\/2025\/06\/image-7.png 722w, https:\/\/nbc2025.ibib.waw.pl\/wp-content\/uploads\/2025\/06\/image-7-300x202.png 300w\" sizes=\"auto, (max-width: 722px) 100vw, 722px\" \/><\/figure>\n<\/figure>\n\n\n\n<p><br>The Institute is located at the corner of Ksi\u0119cia Trojdena Street and Pawi\u0144skiego Street. The main entrance to the Institute is located at Pawi\u0144skiego Street and the entrance to the paid parking is located at Ksi\u0119cia Trojdena Street (behind the barrier). The GPS coordinates of the Congress Venue are as follows: <strong>N 52\u00b0 12\u2019 24\u2019\u2019 E 20\u00b0 58\u2019 42\u2019\u2019<\/strong><\/p>\n\n\n\n<iframe src=\"https:\/\/www.google.com\/maps\/embed?pb=!1m18!1m12!1m3!1d1222.5221703895363!2d20.97784571628312!3d52.206241702788446!2m3!1f0!2f0!3f0!3m2!1i1024!2i768!4f13.1!3m3!1m2!1s0x471eccb14397ef59%3A0x329db0a52e0316b2!2sInstitute%20of%20Biocybernetics%20and%20Biomedical%20Engineering!5e0!3m2!1sen!2spl!4v1749720024846!5m2!1sen!2spl\" width=\"800\" height=\"600\" style=\"border:0;\" allowfullscreen=\"\" loading=\"lazy\" referrerpolicy=\"no-referrer-when-downgrade\"><\/iframe>\n\n\n\n<figure class=\"wp-block-image size-large is-resized\"><img loading=\"lazy\" decoding=\"async\" width=\"854\" height=\"1024\" src=\"https:\/\/nbc2025.ibib.waw.pl\/wp-content\/uploads\/2025\/06\/ibbe_pas_map-854x1024.png\" alt=\"The location of the Nalecz Institute of Biocybernetics and Biomedical Engineering\" class=\"wp-image-1602\" style=\"width:558px;height:auto\" srcset=\"https:\/\/nbc2025.ibib.waw.pl\/wp-content\/uploads\/2025\/06\/ibbe_pas_map-854x1024.png 854w, https:\/\/nbc2025.ibib.waw.pl\/wp-content\/uploads\/2025\/06\/ibbe_pas_map-250x300.png 250w, https:\/\/nbc2025.ibib.waw.pl\/wp-content\/uploads\/2025\/06\/ibbe_pas_map-768x921.png 768w, https:\/\/nbc2025.ibib.waw.pl\/wp-content\/uploads\/2025\/06\/ibbe_pas_map-1280x1536.png 1280w, https:\/\/nbc2025.ibib.waw.pl\/wp-content\/uploads\/2025\/06\/ibbe_pas_map-800x960.png 800w, https:\/\/nbc2025.ibib.waw.pl\/wp-content\/uploads\/2025\/06\/ibbe_pas_map.png 1667w\" sizes=\"auto, (max-width: 854px) 100vw, 854px\" \/><\/figure>\n\n\n\n<p><br><\/p>\n\n\n\n<h2 class=\"wp-block-heading\">FLOOR PLAN OF THE CONFERENCE VENUE<\/h2>\n\n\n\n<figure class=\"wp-block-image size-large is-resized\"><img loading=\"lazy\" decoding=\"async\" width=\"944\" height=\"1024\" src=\"https:\/\/nbc2025.ibib.waw.pl\/wp-content\/uploads\/2025\/06\/venue_high_res-944x1024.png\" alt=\"The floor plan of the Institute of Biocybernetics and Biomedical Engineering\" class=\"wp-image-1574\" style=\"width:608px;height:auto\" srcset=\"https:\/\/nbc2025.ibib.waw.pl\/wp-content\/uploads\/2025\/06\/venue_high_res-944x1024.png 944w, https:\/\/nbc2025.ibib.waw.pl\/wp-content\/uploads\/2025\/06\/venue_high_res-276x300.png 276w, https:\/\/nbc2025.ibib.waw.pl\/wp-content\/uploads\/2025\/06\/venue_high_res-768x833.png 768w, https:\/\/nbc2025.ibib.waw.pl\/wp-content\/uploads\/2025\/06\/venue_high_res-1416x1536.png 1416w, https:\/\/nbc2025.ibib.waw.pl\/wp-content\/uploads\/2025\/06\/venue_high_res-1888x2048.png 1888w, https:\/\/nbc2025.ibib.waw.pl\/wp-content\/uploads\/2025\/06\/venue_high_res-800x868.png 800w\" sizes=\"auto, (max-width: 944px) 100vw, 944px\" \/><\/figure>\n\n\n\n<h3 class=\"wp-block-heading\"><strong>Detailed Accessibility Description of the Conference Venue (IBIB PAN Conference Center)<\/strong><\/h3>\n\n\n\n<p>The conference will be held at <strong>IBIB PAN Conference Center, 4 Ksi\u0119cia Trojdena Street, Warsaw, Poland<\/strong>.<\/p>\n\n\n\n<hr class=\"wp-block-separator has-alpha-channel-opacity\"\/>\n\n\n\n<p><strong>Overall Location and Access<\/strong><\/p>\n\n\n\n<p>The <strong>main pedestrian entrance<\/strong> is located on <strong>Adolfa Pawi\u0144skiego Street<\/strong> (on the left side of the map).<br>The <strong>vehicle entrance<\/strong> (with a gate for cars) is located on <strong>Ksi\u0119cia Trojdena Street<\/strong> (at the bottom of the map), but <strong>this entrance can also be used by pedestrians<\/strong>.<\/p>\n\n\n\n<hr class=\"wp-block-separator has-alpha-channel-opacity\"\/>\n\n\n\n<p><strong>Route Through the Venue (Step by Step)<\/strong><\/p>\n\n\n\n<ol start=\"1\" class=\"wp-block-list\">\n<li><strong>Enter through main pedestrian entrance (Adolfa Pawi\u0144skiego Street)<\/strong>.\n<ul class=\"wp-block-list\">\n<li>The <strong>Registration Desk<\/strong> is directly on your left side after entering.<\/li>\n<\/ul>\n<\/li>\n\n\n\n<li>Continuing down the main corridor:\n<ul class=\"wp-block-list\">\n<li><strong>Restrooms (men\u2019s and women\u2019s, both with accessible cabins)<\/strong> are located at the <strong>end of this corridor on the left side<\/strong>.<\/li>\n<\/ul>\n<\/li>\n\n\n\n<li>Further down this corridor, on the <strong>right side<\/strong>, you will reach <strong>Lecture Hall A<\/strong>.<\/li>\n\n\n\n<li>To the left, there is a <strong>patio<\/strong> that directly leads to the <strong>Poster and Lunch Area<\/strong> in the exhibition space.<\/li>\n\n\n\n<li>Continuing forward down the corridor past Lecture Hall A, additional restrooms are located on the <strong>right side<\/strong>.<\/li>\n\n\n\n<li>At the <strong>end of this corridor<\/strong>, there is another exit directly to the parking area (side of Ksi\u0119cia Trojdena Street).<\/li>\n\n\n\n<li>After these restrooms, a new corridor branches off to the left \u2014 <strong>Lecture Hall C<\/strong> is located directly to the <strong>right side<\/strong> of this corridor.<\/li>\n\n\n\n<li>Continuing further down, at the very <strong>end<\/strong>, there are <strong>steps down (3 steps)<\/strong> into the <strong>exhibition space<\/strong>.<\/li>\n\n\n\n<li>To the left upon descending, you enter the <strong>Poster and Lunch Area<\/strong>, where poster boards are displayed alongside space for catering.<\/li>\n\n\n\n<li>Shortly after entering this space, a staircase on the left side descends further toward <strong>Lecture Hall B in the basement<\/strong>.<\/li>\n\n\n\n<li>The entrance to Lecture Hall B is from the side of the stage; seats are accessed by descending a few additional steps.<\/li>\n\n\n\n<li>Continuing past Lecture Hall B and turning left, you will find additional restrooms.<\/li>\n<\/ol>\n\n\n\n<hr class=\"wp-block-separator has-alpha-channel-opacity\"\/>\n\n\n\n<p><strong>Route from Entrance to Each Main Room Individually:<\/strong><\/p>\n\n\n\n<p>\u2705 <strong>To Registration Desk<\/strong>:<\/p>\n\n\n\n<ul class=\"wp-block-list\">\n<li>Enter through main pedestrian entrance (Adolfa Pawi\u0144skiego Street).<\/li>\n\n\n\n<li>The registration desk is directly to your left.<\/li>\n<\/ul>\n\n\n\n<p>\u2705 <strong>To Lecture Hall A<\/strong>:<\/p>\n\n\n\n<ul class=\"wp-block-list\">\n<li>Enter through main pedestrian entrance.<\/li>\n\n\n\n<li>Continue down main corridor, turn right at the end; Lecture Hall A is on your <strong>right side <\/strong>in the middle of the corridor.<\/li>\n<\/ul>\n\n\n\n<p>\u2705 <strong>To Lecture Hall C<\/strong>:<\/p>\n\n\n\n<ul class=\"wp-block-list\">\n<li>Enter through main pedestrian entrance.<\/li>\n\n\n\n<li>At the and of the main corridor turn right and continue down this corridor.<\/li>\n\n\n\n<li>After restrooms, a corridor to the left will lead you directly to Lecture Hall C on your <strong>right side<\/strong>.<\/li>\n<\/ul>\n\n\n\n<p>\u2705 <strong>To Poster and Lunch Area (Exhibition Space)<\/strong>:<\/p>\n\n\n\n<ul class=\"wp-block-list\">\n<li>Enter through main pedestrian entrance.<\/li>\n\n\n\n<li>Continue down main corridor, turn right at the end..<\/li>\n\n\n\n<li>In the middle of the corridor turn left at patio; this directly enters the Poster and Lunch Area.<\/li>\n<\/ul>\n\n\n\n<p>\u2705 <strong>To Lecture Hall B (Basement)<\/strong>:<\/p>\n\n\n\n<ul class=\"wp-block-list\">\n<li>Enter through main pedestrian entrance.<\/li>\n\n\n\n<li>Continue down main corridor, turn right at the end and continue down this corridor.<\/li>\n\n\n\n<li>After restrooms, a corridor turn left and continue to the end of the corridor.<\/li>\n\n\n\n<li>At the very <strong>end<\/strong>, there are <strong>steps down (3 steps)<\/strong> into the <strong>exhibition space<\/strong>.<\/li>\n\n\n\n<li>To the left upon descending, you enter the <strong>Poster and Lunch Area<\/strong><\/li>\n\n\n\n<li>Shortly after entering this space, a staircase on the left side descends further toward <strong>Lecture Hall B in the basement<\/strong>.<\/li>\n\n\n\n<li>Lecture Hall B is directly underneath the poster area.<\/li>\n<\/ul>\n\n\n\n<hr class=\"wp-block-separator has-alpha-channel-opacity\"\/>\n\n\n\n<p><strong>Restrooms (WC)<\/strong><\/p>\n\n\n\n<ul class=\"wp-block-list\">\n<li><strong>Restrooms (men\u2019s and women\u2019s)<\/strong> are located:\n<ul class=\"wp-block-list\">\n<li>At the <strong>end of the main corridor after entrance<\/strong>.(<strong>with accessible cabins<\/strong>)<\/li>\n\n\n\n<li><strong>On the right side after Lecture Hall A<\/strong>.<\/li>\n\n\n\n<li>Later <strong>at the basement level after descending toward Lecture Hall B<\/strong>.<\/li>\n<\/ul>\n<\/li>\n<\/ul>\n\n\n\n<hr class=\"wp-block-separator has-alpha-channel-opacity\"\/>\n\n\n\n<p><strong>Additional Notes:<\/strong><\/p>\n\n\n\n<p>An <strong>elevator<\/strong> is available to aid in accessing the basement; this should be <strong>requested during registration<\/strong> in order to receive a pass and a marked route.<br><\/p>\n\n\n\n<p>All main spaces are connected by <strong>wide hallways and doors<\/strong>, allowing for easy movement for people with reduced mobility.<\/p>\n\n\n\n<h3 class=\"wp-block-heading\"><br>Official Language<\/h3>\n\n\n\n<p>English will be the official language of the Congress.<\/p>\n\n\n\n<p>No parallel translation will be provided.<\/p>\n\n\n\n<p><br><\/p>\n\n\n\n<h3 class=\"wp-block-heading\">Registration and Information During the Congress<\/h3>\n\n\n\n<p>Delegates are kindly requested to register at the Central Reception located in the Congress venue at the Nalecz Institute of Biocybernetics and Biomedical Engineering Polish Academy of Sciences, at the beginning of the Conference. Participants will be able to collect their badge and Conference documentation. Central Reception will be open at the following hours:<\/p>\n\n\n\n<p>Monday, June 16, 08:00 \u2013 18:00<\/p>\n\n\n\n<p>Tuesday, June 17, 08:00 \u2013 18:00<\/p>\n\n\n\n<p>Wednesday, June 18, 08:00 \u2013 17:00<\/p>\n\n\n\n<p><\/p>\n","protected":false},"excerpt":{"rendered":"<p>The Conference will be held at the premises of the Nalecz Institute of Biocybernetics and Biomedical Engineering and International Centre of Biocybernetics, Polish Academy of Sciences, ul. Ksi\u0119cia Trojdena 4, &#8230;<\/p>\n","protected":false},"author":1,"featured_media":0,"parent":0,"menu_order":0,"comment_status":"closed","ping_status":"closed","template":"template-fullwidth.php","meta":{"footnotes":""},"class_list":["post-154","page","type-page","status-publish","hentry"],"_links":{"self":[{"href":"https:\/\/nbc2025.ibib.waw.pl\/index.php\/wp-json\/wp\/v2\/pages\/154","targetHints":{"allow":["GET"]}}],"collection":[{"href":"https:\/\/nbc2025.ibib.waw.pl\/index.php\/wp-json\/wp\/v2\/pages"}],"about":[{"href":"https:\/\/nbc2025.ibib.waw.pl\/index.php\/wp-json\/wp\/v2\/types\/page"}],"author":[{"embeddable":true,"href":"https:\/\/nbc2025.ibib.waw.pl\/index.php\/wp-json\/wp\/v2\/users\/1"}],"replies":[{"embeddable":true,"href":"https:\/\/nbc2025.ibib.waw.pl\/index.php\/wp-json\/wp\/v2\/comments?post=154"}],"version-history":[{"count":20,"href":"https:\/\/nbc2025.ibib.waw.pl\/index.php\/wp-json\/wp\/v2\/pages\/154\/revisions"}],"predecessor-version":[{"id":1718,"href":"https:\/\/nbc2025.ibib.waw.pl\/index.php\/wp-json\/wp\/v2\/pages\/154\/revisions\/1718"}],"wp:attachment":[{"href":"https:\/\/nbc2025.ibib.waw.pl\/index.php\/wp-json\/wp\/v2\/media?parent=154"}],"curies":[{"name":"wp","href":"https:\/\/api.w.org\/{rel}","templated":true}]}}